88)?
57
Let l(s) = s**3 - 8*s**2 - 16898*s + 118351. What is l(7)?
16
Let u(r) = 3692*r - 5. What is u(0)?
-5
Let k(z) = -2*z**2 - 554*z - 34405. Determine k(-183).
-1
Let a(y) = 1266*y + 9095. Give a(-7).
233
Let y(r) = -142*r - 11262. Calculate y(-79).
-44
Let r(x) = 2*x**2 - 121626*x + 1216073. Determine r(10).
13
Let k(i) = -i**2 + 54330*i - 1574724. What is k(29)?
5
Let r(a) = -20*a**2 - 1018*a - 11134. What is r(-35)?
-4
Let l(a) = -413*a**3 - 156*a**2 - 157*a. Give l(-1).
414
Let i(c) = -1362*c**2 - 5023*c - 5022. Give i(-1).
-1361
Let w(f) = f**3 - 292*f**2 + 4435*f - 5378. Calculate w(276).
-134
Let q(f) = -f**2 + 475*f - 26093. Calculate q(64).
211
Let v(f) = -f**3 - 100*f**2 + 7136*f - 87720. Determine v(34).
0
Let z(g) = -40*g**3 - 3*g**2 + g + 11. What is z(-4)?
2519
Let o(g) = -17*g**2 + 261*g - 30. Calculate o(15).
60
Let g(p) = -7578*p - 10882003. What is g(-1436)?
5
Let w(p) = p**3 - 126*p**2 + 639*p - 4062. What is w(121)?
52
Let k(v) = -14*v**3 + 29*v**2 - 17*v - 31. Determine k(-2).
231
Let n(t) = -4*t**3 - 1040*t**2 - 94*t - 24437. Give n(-260).
3
Let v(d) = d**3 - 149*d**2 + 1640*d + 205. Determine v(137).
-343
Let n(j) = 2*j**2 - 66*j + 535. Give n(21).
31
Let i(m) = -5*m**3 + 51*m**2 - 649*m + 3134. Calculate i(6).
-4
Let o(b) = -563*b - 7574. What is o(-21)?
4249
Let c(v) = 1355*v**2 - 9479*v + 139. Calculate c(7).
181
Let k(d) = d**3 - 4*d**2 + 140*d - 413. Determine k(3).
-2
Let r(i) = -6*i**2 + 3784*i - 180477. Give r(52).
67
Let z(o) = -320*o - 80348. What is z(-251)?
-28
Let f(v) = -3100*v**2 + 2958*v + 147. Determine f(1).
5
Let o(v) = 10932*v + 9620166. What is o(-880)?
6
Let x(u) = -5*u**2 + 1790*u - 159363. What is x(192)?
-3
Let q(u) = -95*u + 8460. Determine q(90).
-90
Let a(o) = -1222*o - 15518. Calculate a(-13).
368
Let k(u) = 2*u**3 + 474*u**2 + 453*u - 4181. Calculate k(-236).
303
Let q(g) = -163*g - 11806. Calculate q(-80).
1234
Let c(f) = 7*f**2 + 3871*f + 19416. Determine c(-5).
236
Let y(x) = -635*x**2 - 7653*x - 387. Determine y(-12).
9
Let o(h) = -6*h - 934. Determine o(-182).
158
Let w(b) = b**3 - 132*b**2 - 4861*b + 142. What is w(162)?
-20
Let u(t) = t**3 + 15*t**2 + 123*t + 27. What is u(-9)?
-594
Let u(v) = 61128*v - 1039149. Give u(17).
27
Let b(s) = -s**3 + 45*s**2 - 1638*s + 81434. Calculate b(47).
30
Let w(r) = r**2 + 3485*r - 776099. What is w(210)?
-149
Let t(a) = a**2 - 169186*a - 338373. What is t(-2)?
3
Let f(o) = -4*o**2 - 25*o - 43. What is f(9)?
-592
Let i(s) = -s**3 - 31*s**2 + 1096*s - 3998. Determine i(-53).
-288
Let b(a) = 4*a**3 + 7*a**2 - 2680*a + 120. Give b(25).
-5
Let c(y) = -2*y**2 - 167*y + 203550. Give c(280).
-10
Let q(w) = -3*w**3 - 426*w**2 + 689*w + 318. Determine q(2).
-32
Let g(s) = 2*s**2 + 64*s + 288. Calculate g(-26).
-24
Let s(a) = -2938301*a - 32321300. Give s(-11).
11
Let u(i) = -2*i**3 + 117*i**2 + 283*i - 1526. What is u(61)?
-2868
Let p(l) = -410985*l + 11918565. Calculate p(29).
0
Let x(h) = -24*h**3 - h**2 + 77*h - 155. What is x(2)?
-197
Let q(s) = -s**3 - 87*s**2 - 222*s - 4428. Calculate q(-85).
-8
Let m(v) = -74*v**2 - 1480*v - 2662. What is m(-18)?
2
Let u(a) = 2586*a - 256012. Determine u(99).
2
Let h(p) = -407*p**2 - 8148*p - 171. Give h(-20).
-11
Let v(x) = 67232*x - 134465. Calculate v(2).
-1
Let k(j) = j**3 - 29*j**2 + 501*j - 3564. What is k(12)?
0
Let q(m) = -m**2 - 548*m + 3844. Calculate q(7).
-41
Let z(q) = -q**3 - 267*q**2 - 3327*q - 6313. Give z(-254).
37
Let c(i) = -1615*i + 194957. Determine c(120).
1157
Let c(v) = -39996*v + 159978. Calculate c(4).
-6
Let p(t) = 151508*t + 8332947. Calculate p(-55).
7
Let w(j) = -j**3 - 354*j**2 + 75*j + 26585. Calculate w(-354).
35
Let p(a) = 2*a**3 + 1090*a**2 + 6479*a + 5911. Determine p(-539).
-18
Let i(v) = 99*v**2 + 40*v + 279. Give i(-5).
2554
Let p(b) = -1679*b**2 - 3443*b - 161. Determine p(-2).
9
Let t(b) = -5*b**2 - 1283*b + 25300. Determine t(-275).
0
Let n(y) = 10*y**3 + 54*y**2 - 97*y + 70. Calculate n(-7).
-35
Let c(u) = -3*u**3 - 9*u**2 + 52*u + 80. What is c(-6)?
92
Let r(h) = -h**2 - 1863*h - 33741. What is r(-18)?
-531
Let x(t) = t**3 + 3*t**2 + 581*t - 3518. What is x(6)?
292
Let d(h) = 2*h**3 - 173*h**2 + 223*h - 26998. Calculate d(87).
-28
Let h(i) = -7*i**3 + 18*i**2 + 37*i - 265. What is h(7)?
-1525
Let a(u) = 7*u**2 - 141*u - 37. Give a(22).
249
Let o(z) = -z**3 + 13*z**2 + 56*z + 1686. What is o(20)?
6
Let q(u) = 1448*u - 13032. Calculate q(9).
0
Let c(s) = -7882*s + 15027. What is c(2)?
-737
Let d(h) = h**3 - 2*h**2 + 12*h - 77. What is d(0)?
-77
Let u(z) = -z**3 + 117*z**2 - 3194*z + 1920. Calculate u(42).
72
Let i(v) = 395*v + 2270. Calculate i(-6).
-100
Let o(x) = -2*x**3 + 60*x**2 - 319*x - 8. Give o(24).
-752
Let f(v) = v**3 - 49*v**2 + 353*v - 12260. Calculate f(47).
-87
Let l(r) = -2*r**3 - 929*r**2 + 530*r + 30225. Give l(-465).
0
Let g(m) = 4*m**2 - 746*m + 4161. What is g(181)?
179
Let a(g) = 24*g**3 - 1393*g**2 - 257*g + 18263. Calculate a(58).
-7
Let p(r) = 8*r**2 + 443*r - 123. Determine p(-56).
157
Let v(q) = -2*q**3 - 21*q**2 + 216*q + 117. Give v(-16).
-523
Let c(f) = 2*f**2 + 8191*f - 139898. Determine c(17).
-73
Let f(h) = -7*h**2 - 1020*h + 3118. Give f(3).
-5
Let x(l) = l**2 - 350*l + 27332. Calculate x(233).
71
Let d(v) = 2*v**2 + 155*v - 6795. Give d(-109).
72
Let b(a) = -184*a**3 - 229*a**2 - 225*a + 4. What is b(-1)?
184
Let n(w) = -979*w - 2755888. Determine n(-2815).
-3
Let v(b) = -b**2 + 776762*b - 4660532. Calculate v(6).
4
Let b(d) = -d**3 - 18*d**2 - 10*d - 524. What is b(-15)?
-1049
Let c(p) = 16414*p - 443188. Determine c(27).
-10
Let d(l) = -465*l**2 - 35801*l + 305. Calculate d(-77).
-3
Let o(z) = -4*z**3 + 912*z**2 - 1890*z + 18538. Calculate o(226).
6
Let y(l) = 79*l**2 + 341*l + 233. Determine y(-5).
503
Let f(s) = -300*s - 93032. Calculate f(-311).
268
Let d(a) = a**3 - 9*a**2 + 18*a - 47. What is d(12)?
601
Let b(t) = -1146*t - 768961. Determine b(-671).
5
Let k(y) = -719*y**3 + 4*y**2 - 2*y - 4. Calculate k(-1).
721
Let s(m) = m**3 + 45*m**2 - 1590*m + 228. Determine s(22).
-2324
Let x(p) = -313*p - 13577. Calculate x(-44).
195
Let q(l) = 3*l**3 + 6*l**2 - 6701*l - 20076. Calculate q(-3).
0
Let h(n) = 15*n**2 + 80*n + 940. Give h(-7).
1115
Let k(v) = 2*v**2 + 94*v - 151. What is k(-34)?
-1035
Let s(t) = -38*t**3 + 576*t**2 - 33*t - 135. Calculate s(15).
720
Let h(g) = -g**3 - 2*g**2 - 18*g - 1536. Determine h(0).
-1536
Let i(l) = 2*l**2 - 705880*l - 10588645. Determine i(-15).
5
Let j(t) = 2*t**2 + 16144*t - 96933. What is j(6)?
3
Let v(o) = 1545*o**2 - 21705*o + 1045. Calculate v(14).
-5
Let m(i) = -4*i**3 - 247*i**2 - 426*i - 33. Calculate m(-60).
327
Let y(r) = -3*r**2 - 637*r - 6479. Determine y(-10).
-409
Let q(t) = 68659*t - 2677696. Calculate q(39).
5
Let q(r) = -2*r**2 + 624*r + 282628. Determine q(-251).
2
Let k(u) = 493*u + 5790. Determine k(-12).
-126
Let g(c) = 873*c + 433899. What is g(-497)?
18
Let s(f) = 694*f**2 - 2774*f - 13. Give s(4).
-5
Let i(n) = -26*n**2 + 570*n + 12. Calculate i(22).
-32
Let o(g) = -6*g**3 + 498*g**2 + 23*g - 1926. Determine o(83).
-17
Let a(v) = v**3 + 185*v**2 + 2222*v - 2424. What is a(-172)?
-16
Let k(r) = r + 13. What is k(55)?
68
Let w(g) = 503*g**2 - 5206*g - 54. Give w(10).
-1814
Let r(u) = 9448616*u + 28345847. Give r(-3).
-1
Let z(j) = 8*j**2 - 3*j + 324. Determine z(-11).
1325
Let r(k) = 87*k - 11963. What is r(138)?
43
Let i(h) = 17*h**2 + 44*h - 397. Determine i(6).
479
Let f(v) = v**3 - 188*v**2 + 358*v - 31485. Calculate f(187).
492
Let i(v) = 2*v**2 - 1557*v + 84236. Give i(720).
-4
Let p(z) = z**3 + 2*z**2 + 405*z + 2414. Calculate p(-6).
-160
Let z(a) = -a**3 + 146*a**2 + 1293*a - 9373. Give z(154).
21
Let a(m) = 4*m**2 + 6046*m + 95712. What is a(-16)?
0
Let s(t) = -t**3 - 125*t**2 - 738*t - 96. Give s(-6).
48
Let n(x) = 1804*x + 61385. Calculate n(-34).
49
Let t(r) = 768*r - 24502. Determine t(33).
842
Let a(m) = -1162*m - 52949. Calculate a(-46).
503
Let u(j) = -13*j**2 + 66*j + 901. What is u(-12)?
-1763
Let m(b) = -303*b - 16045. Give m(-53).
14
Let s(u) = -2*u**3 + 32*u**2 + 425*u + 656. Determine s(25).
31
Let f(x) = -1248*x + 42428. Give f(34).
-4
Let s(d) = 37152*d + 111414. Give s(-3).
-42
Let f(d) = -27*d**2 - 1134*d - 4918. Determine f(-5).
77
Let b(h) = -2*h**